t the prime factors of 2605889473.
11, 89, 463, 5749
List the prime factors of 182730560.
2, 5, 491, 1163
List the prime factors of 212625770.
2, 5, 7, 19, 159869
List the prime factors of 315969823.
13, 107, 227153
What are the prime factors of 1097997179?
41, 71, 347, 1087
What are the prime factors of 815002695?
3, 5, 13, 17, 59, 463
List the prime factors of 86299012.
2, 29, 149, 4993
What are the prime factors of 21561045?
3, 5, 11, 149, 877
List the prime factors of 932054978.
2, 59, 2377, 3323
List the prime factors of 26767167.
3, 7, 31, 41117
List the prime factors of 94233633.
3, 13, 2416247
List the prime factors of 1395604055.
5, 19, 61, 240829
List the prime factors of 104843578.
2, 7, 727, 10301
List the prime factors of 8727548.
2, 433, 5039
List the prime factors of 10303653.
3, 139, 24709
What are the prime factors of 13498315?
5, 59, 45757
What are the prime factors of 169241977?
7433, 22769
What are the prime factors of 40178067?
3, 13392689
What are the prime factors of 35102000?
2, 5, 17551
What are the prime factors of 102146930?
2, 5, 43, 139, 1709
List the prime factors of 2885095602.
2, 3, 17, 359, 26263
List the prime factors of 156678758.
2, 78339379
List the prime factors of 437709841.
17431, 25111
List the prime factors of 304122046.
2, 152061023
What are the prime factors of 2643651081?
3, 97913003
What are the prime factors of 6631301?
89, 74509
What are the prime factors of 653047482?
2, 3, 108841247
What are the prime factors of 34388910?
2, 3, 5, 23, 37, 449
List the prime factors of 7927599434.
2, 31, 4423, 28909
What are the prime factors of 107956462?
2, 47, 211, 5443
What are the prime factors of 285201569?
241, 1183409
What are the prime factors of 39997356?
2, 3, 7, 19, 1319
What are the prime factors of 176232735?
3, 5, 7, 559469
List the prime factors of 166341205.
5, 61, 379, 1439
List the prime factors of 101827950.
2, 3, 5, 7, 96979
List the prime factors of 380933013.
3, 227, 397, 1409
What are the prime factors of 2330599768?
2, 7, 17, 2448109
List the prime factors of 23018054.
2, 29, 107, 3709
What are the prime factors of 72383777?
127, 367, 1553
What are the prime factors of 27659259?
3, 59, 97, 179
List the prime factors of 1097283444.
2, 3, 91440287
List the prime factors of 137960753.
7, 37, 173, 3079
What are the prime factors of 4574777487?
3, 7, 23, 67, 373, 379
List the prime factors of 35649800.
2, 5, 178249
List the prime factors of 13325405.
5, 2665081
List the prime factors of 692777787.
3, 13, 53, 335161
What are the prime factors of 1856533836?
2, 3, 239, 647327
List the prime factors of 108672859.
4391, 24749
List the prime factors of 36106141.
109, 331249
What are the prime factors of 926390719?
37, 449, 55763
What are the prime factors of 53753581?
7, 691, 11113
What are the prime factors of 1196825129?
647, 691, 2677
What are the prime factors of 262843?
7, 37549
What are the prime factors of 100937895?
3, 5, 6729193
List the prime factors of 81078060.
2, 3, 5, 7, 193043
List the prime factors of 89603266.
2, 61, 73, 10061
List the prime factors of 113492428.
2, 7, 29, 41, 487
What are the prime factors of 55208442?
2, 3, 9201407
What are the prime factors of 216303526?
2, 73, 499, 2969
List the prime factors of 41849793.
3, 43, 108139
What are the prime factors of 1606008706?
2, 19, 47, 899221
What are the prime factors of 194913818?
2, 11, 19, 42391
What are the prime factors of 727091?
487, 1493
What are the prime factors of 649650032?
2, 40603127
What are the prime factors of 6144634513?
17, 479, 617, 1223
What are the prime factors of 128325770?
2, 5, 67, 191531
What are the prime factors of 100970964?
2, 3, 2804749
List the prime factors of 3042981488.
2, 190186343
List the prime factors of 2246645600.
2, 5, 2808307
What are the prime factors of 38027162?
2, 19013581
What are the prime factors of 339049938?
2, 3, 17, 3324019
List the prime factors of 289998591.
3, 1951, 49547
List the prime factors of 240692345.
5, 41, 53, 22153
What are the prime factors of 193323844?
2, 7, 269, 25667
What are the prime factors of 214799188?
2, 439, 122323
What are the prime factors of 11734038?
2, 3, 29, 59, 127
List the prime factors of 161814379.
161814379
List the prime factors of 39578333.
53, 479, 1559
List the prime factors of 10020035.
5, 2004007
List the prime factors of 170013769.
23, 151, 48953
What are the prime factors of 213937602?
2, 3, 1307, 27281
What are the prime factors of 4915894?
2, 37, 66431
What are the prime factors of 63677715?
3, 5, 41, 47, 2203
List the prime factors of 80349322.
2, 61, 658601
What are the prime factors of 5531258982?
2, 3, 37, 24915581
What are the prime factors of 133391375?
5, 13, 23, 43, 83
List the prime factors of 254380082.
2, 11, 163, 70937
List the prime factors of 14707586.
2, 593, 12401
What are the prime factors of 294902160?
2, 3, 5, 7, 29, 6053
What are the prime factors of 83665583?
1181, 70843
List the prime factors of 104575901.
167, 263, 2381
What are the prime factors of 986998307?
43, 907, 25307
What are the prime factors of 6773141827?
6773141827
What are the prime factors of 937887260?
2, 5, 29, 1617047
What are the prime factors of 43136676?
2, 3, 11, 97, 1123
List the prime factors of 135760656.
2, 3, 31, 91237
What are the prime factors of 1181045476?
2, 13, 37, 613849
List the prime factors of 4022879790.
2, 3, 5, 134095993
What are the prime factors of 2605765101?
3, 29, 457, 65539
What are the prime factors of 1816167?
3, 73, 8293
List the prime factors of 2716975090.
2, 5, 89, 3052781
List the prime factors of 975849045.
3, 5, 17, 3826859
List the prime factors of 1956093732.
2, 3, 29, 113, 5527
List the prime factors of 627675084.
2, 3, 17435419
What are the prime factors of 112847083?
112847083
List the prime factors of 136695917.
193, 708269
List the prime factors of 529950223.
11, 19, 37, 68531
List the prime factors of 2864446120.
2, 5, 71611153
List the prime factors of 81445925.
5, 11, 353, 839
What are the prime factors of 122039273?
71, 1718863
What are the prime factors of 60165314?
2, 11, 29, 8573
List the prime factors of 104603423.
41, 127, 20089
What are the prime factors of 2447342047?
2447342047
What are the prime factors of 192800933?
13, 14830841
List the prime factors of 2378342.
2, 1189171
What are the prime factors of 331644008?
2, 41455501
List the prime factors of 62376755.
5, 7, 47, 5417
List the prime factors of 2855295402.
2, 3, 37, 47, 273653
What are the prime factors of 212481419?
17, 12498907
What are the prime factors of 48970866?
2, 3, 7, 19, 109, 563
What are the prime factors of 1108994547?
3, 369664849
List the prime factors of 128549894.
2, 11, 1451, 4027
What are the prime factors of 374907246?
2, 3, 7, 8926363
List the prime factors of 285046998.
2, 3, 1667, 28499
What are the prime factors of 54833346?
2, 3, 3046297
List the prime factors of 255846687.
3, 23, 3707923
What are the prime factors of 32306127?
3, 7, 67, 22961
What are the prime factors of 237344866?
2, 11, 23, 31, 15131
List the prime factors of 184806172.
2, 59, 783077
List the prime factors of 995756510.
2, 5, 7, 14225093
What are the prime factors of 586485320?
2, 5, 41, 357613
List the prime factors of 6489157.
701, 9257
What are the prime factors of 207943670?
2, 5, 11, 1890397
What are the prime factors of 1151547106?
2, 22259, 25867
List the prime factors of 719338837.
7, 5449, 18859
List the prime factors of 746837777.
7, 106691111
List the prime factors of 150365504.
2, 71, 33091
What are the prime factors of 30182677?
7, 467, 1319
List the prime factors of 28678548.
2, 3, 2389879
List the prime factors of 3852118804.
2, 18637, 51673
List the prime factors of 186854578.
2, 4673, 19993
What are the prime factors of 55735339?
11, 293, 17293
What are the prime factors of 91213974?
2, 3, 5067443
List the prime factors of 1436122435.
5, 11, 79, 107, 3089
List the prime factors of 3728949480.
2, 3, 5, 179, 19289
What are the prime factors of 21525871?
173, 124427
What are the prime factors of 519530754?
2, 3, 59, 547, 2683
List the prime factors of 99663460.
2, 5, 13, 383321
List the prime factors of 18935974.
2, 9467987
What are the prime factors of 83293978?
2, 163, 255503
List the prime factors of 2723